{"id":542,"date":"2025-01-23T17:32:20","date_gmt":"2025-01-23T17:32:20","guid":{"rendered":"https:\/\/financor.com.ar\/?page_id=542"},"modified":"2025-01-23T17:58:26","modified_gmt":"2025-01-23T17:58:26","slug":"politicas-de-privacidad","status":"publish","type":"page","link":"https:\/\/financor.com.ar\/index.php\/politicas-de-privacidad\/","title":{"rendered":"Pol\u00edticas de privacidad"},"content":{"rendered":"\t\t<div data-elementor-type=\"wp-page\" data-elementor-id=\"542\" class=\"elementor elementor-542\" data-elementor-post-type=\"page\">\n\t\t\t\t\t\t<section class=\"elementor-section elementor-top-section elementor-element elementor-element-5d38399 elementor-section-boxed elementor-section-height-default elementor-section-height-default\" data-id=\"5d38399\" data-element_type=\"section\">\n\t\t\t\t\t\t<div class=\"elementor-container elementor-column-gap-default\">\n\t\t\t\t\t<div class=\"elementor-column elementor-col-100 elementor-top-column elementor-element elementor-element-e492529\" data-id=\"e492529\" data-element_type=\"column\">\n\t\t\t<div class=\"elementor-widget-wrap elementor-element-populated\">\n\t\t\t\t\t\t<div class=\"elementor-element elementor-element-2731273 elementor-widget elementor-widget-text-editor\" data-id=\"2731273\" data-element_type=\"widget\" data-widget_type=\"text-editor.default\">\n\t\t\t\t<div class=\"elementor-widget-container\">\n\t\t\t\t\t\t\t\t\t<h3 data-pm-slice=\"1 1 []\">Informaci\u00f3n General<\/h3><p>En cumplimiento de la Ley 25.326 de Protecci\u00f3n de los Datos Personales, Financor se compromete a garantizar la privacidad de los datos personales de los usuarios.<\/p><h3>Responsable del Tratamiento de los Datos<\/h3><p>Titular: Financor &#8211; Correo electr\u00f3nico: info@financor.com.ar<\/p><h3>Finalidad del Tratamiento de Datos<\/h3><p>Recopilamos datos personales con las siguientes finalidades:<\/p><ul data-spread=\"false\"><li><p>Responder consultas realizadas a trav\u00e9s del formulario de contacto.<\/p><\/li><li><p>Gestionar las relaciones comerciales con los usuarios.<\/p><\/li><li><p>Enviar informaci\u00f3n sobre los servicios ofrecidos por Financor.<\/p><\/li><\/ul><h3>Conservaci\u00f3n de los Datos<\/h3><p>Los datos personales ser\u00e1n conservados mientras sean necesarios para las finalidades indicadas y durante los plazos exigidos por la legislaci\u00f3n aplicable.<\/p><h3>Derechos del Usuario<\/h3><p>El usuario tiene derecho a:<\/p><ul data-spread=\"false\"><li><p>Acceder, rectificar o suprimir sus datos personales.<\/p><\/li><li><p>Solicitar la limitaci\u00f3n de su tratamiento o oponerse al mismo.<\/p><\/li><li><p>Presentar un reclamo ante la Agencia de Acceso a la Informaci\u00f3n P\u00fablica (AAIP) si considera que sus derechos han sido vulnerados.<\/p><\/li><\/ul><p>Para ejercer estos derechos, el usuario puede enviar una solicitud al correo indicado.<\/p><h3>Medidas de Seguridad<\/h3><p>Financor adopta las medidas t\u00e9cnicas y organizativas necesarias para garantizar la seguridad de los datos personales, previniendo su alteraci\u00f3n, p\u00e9rdida o acceso no autorizado.<\/p>\t\t\t\t\t\t\t\t<\/div>\n\t\t\t\t<\/div>\n\t\t\t\t\t<\/div>\n\t\t<\/div>\n\t\t\t\t\t<\/div>\n\t\t<\/section>\n\t\t\t\t<section class=\"elementor-section elementor-top-section elementor-element elementor-element-84f3d59 elementor-section-content-middle elementor-section-boxed elementor-section-height-default elementor-section-height-default\" data-id=\"84f3d59\" data-element_type=\"section\">\n\t\t\t\t\t\t<div class=\"elementor-container elementor-column-gap-default\">\n\t\t\t\t\t<div class=\"elementor-column elementor-col-100 elementor-top-column elementor-element elementor-element-b2da084\" data-id=\"b2da084\" data-element_type=\"column\">\n\t\t\t<div class=\"elementor-widget-wrap elementor-element-populated\">\n\t\t\t\t\t\t<div class=\"elementor-element elementor-element-d6af3fc elementor-widget elementor-widget-image\" data-id=\"d6af3fc\" data-element_type=\"widget\" data-widget_type=\"image.default\">\n\t\t\t\t<div class=\"elementor-widget-container\">\n\t\t\t\t\t\t\t\t\t\t\t\t\t\t\t\t<a href=\"https:\/\/financor.com.ar\">\n\t\t\t\t\t\t\t<img decoding=\"async\" width=\"300\" height=\"113\" src=\"https:\/\/financor.com.ar\/wp-content\/uploads\/2023\/10\/logo-financor-e1737654235487-300x113.png\" class=\"attachment-medium size-medium wp-image-370\" alt=\"\" srcset=\"https:\/\/financor.com.ar\/wp-content\/uploads\/2023\/10\/logo-financor-e1737654235487-300x113.png 300w, https:\/\/financor.com.ar\/wp-content\/uploads\/2023\/10\/logo-financor-e1737654235487.png 372w\" sizes=\"(max-width: 300px) 100vw, 300px\" \/>\t\t\t\t\t\t\t\t<\/a>\n\t\t\t\t\t\t\t\t\t\t\t\t\t\t\t<\/div>\n\t\t\t\t<\/div>\n\t\t\t\t\t<\/div>\n\t\t<\/div>\n\t\t\t\t\t<\/div>\n\t\t<\/section>\n\t\t\t\t<\/div>\n\t\t","protected":false},"excerpt":{"rendered":"<p>Informaci\u00f3n General En cumplimiento de la Ley 25.326 de Protecci\u00f3n de los Datos Personales, Financor se compromete a garantizar la privacidad de los datos personales de los usuarios. Responsable del Tratamiento de los Datos Titular: Financor &#8211; Correo electr\u00f3nico: info@financor.com.ar Finalidad del Tratamiento de Datos Recopilamos datos personales con las siguientes finalidades: Responder consultas realizadas [&hellip;]<\/p>\n","protected":false},"author":1,"featured_media":0,"parent":0,"menu_order":0,"comment_status":"closed","ping_status":"closed","template":"elementor_canvas","meta":{"footnotes":""},"class_list":["post-542","page","type-page","status-publish","hentry"],"_links":{"self":[{"href":"https:\/\/financor.com.ar\/index.php\/wp-json\/wp\/v2\/pages\/542","targetHints":{"allow":["GET"]}}],"collection":[{"href":"https:\/\/financor.com.ar\/index.php\/wp-json\/wp\/v2\/pages"}],"about":[{"href":"https:\/\/financor.com.ar\/index.php\/wp-json\/wp\/v2\/types\/page"}],"author":[{"embeddable":true,"href":"https:\/\/financor.com.ar\/index.php\/wp-json\/wp\/v2\/users\/1"}],"replies":[{"embeddable":true,"href":"https:\/\/financor.com.ar\/index.php\/wp-json\/wp\/v2\/comments?post=542"}],"version-history":[{"count":13,"href":"https:\/\/financor.com.ar\/index.php\/wp-json\/wp\/v2\/pages\/542\/revisions"}],"predecessor-version":[{"id":591,"href":"https:\/\/financor.com.ar\/index.php\/wp-json\/wp\/v2\/pages\/542\/revisions\/591"}],"wp:attachment":[{"href":"https:\/\/financor.com.ar\/index.php\/wp-json\/wp\/v2\/media?parent=542"}],"curies":[{"name":"wp","href":"https:\/\/api.w.org\/{rel}","templated":true}]}}