{"id":537,"date":"2025-01-23T17:30:38","date_gmt":"2025-01-23T17:30:38","guid":{"rendered":"https:\/\/financor.com.ar\/?page_id=537"},"modified":"2025-01-23T17:49:33","modified_gmt":"2025-01-23T17:49:33","slug":"aviso-legal","status":"publish","type":"page","link":"https:\/\/financor.com.ar\/index.php\/aviso-legal\/","title":{"rendered":"Aviso Legal"},"content":{"rendered":"\t\t<div data-elementor-type=\"wp-page\" data-elementor-id=\"537\" class=\"elementor elementor-537\" data-elementor-post-type=\"page\">\n\t\t\t\t\t\t<section class=\"elementor-section elementor-top-section elementor-element elementor-element-7820b61 elementor-section-boxed elementor-section-height-default elementor-section-height-default\" data-id=\"7820b61\" data-element_type=\"section\">\n\t\t\t\t\t\t<div class=\"elementor-container elementor-column-gap-default\">\n\t\t\t\t\t<div class=\"elementor-column elementor-col-100 elementor-top-column elementor-element elementor-element-11b7dcb\" data-id=\"11b7dcb\" data-element_type=\"column\">\n\t\t\t<div class=\"elementor-widget-wrap elementor-element-populated\">\n\t\t\t\t\t\t<div class=\"elementor-element elementor-element-4988271 elementor-widget elementor-widget-text-editor\" data-id=\"4988271\" data-element_type=\"widget\" data-widget_type=\"text-editor.default\">\n\t\t\t\t<div class=\"elementor-widget-container\">\n\t\t\t\t\t\t\t\t\t<p>Bienvenido al sitio web de Financor (en adelante, el &#8220;Sitio Web&#8221;). Este aviso legal regula las condiciones generales de acceso y uso del sitio web accesible en la URL <a>https:\/\/financor.com.ar\/<\/a> (en adelante, el &#8220;Sitio Web&#8221;), que Financor pone a disposici\u00f3n de los usuarios de Internet.<\/p><h3>Titularidad del Sitio Web<\/h3><p>Correo electr\u00f3nico de contacto: info@financor.com.ar<\/p><p>El acceso al Sitio Web implica la aceptaci\u00f3n plena y sin reservas de todas las disposiciones incluidas en este Aviso Legal. Si no est\u00e1 de acuerdo con alguna de las condiciones, debe abstenerse de utilizar este Sitio Web.<\/p><h3>Uso del Sitio Web<\/h3><p>El usuario se compromete a utilizar el Sitio Web, sus contenidos y servicios conforme a la ley, este Aviso Legal, las buenas costumbres y el orden p\u00fablico. Asimismo, el usuario se obliga a no utilizar el Sitio Web con fines o efectos il\u00edcitos o contrarios al contenido de este Aviso Legal.<\/p><p>Queda prohibido:<\/p><ul data-spread=\"false\"><li><p>Utilizar el Sitio Web para realizar actividades que puedan da\u00f1ar los intereses de Financor o de terceros.<\/p><\/li><li><p>Introducir o difundir virus inform\u00e1ticos u otros sistemas que puedan da\u00f1ar los sistemas f\u00edsicos o l\u00f3gicos del Sitio Web.<\/p><\/li><\/ul><h3>Exclusi\u00f3n de responsabilidad<\/h3><p>El titular del Sitio Web no se hace responsable de los da\u00f1os y perjuicios de cualquier naturaleza derivados de:<\/p><ol start=\"1\" data-spread=\"false\"><li><p>La falta de disponibilidad, mantenimiento o efectivo funcionamiento del Sitio Web.<\/p><\/li><li><p>La existencia de virus u otros elementos maliciosos.<\/p><\/li><li><p>Las decisiones tomadas por el usuario bas\u00e1ndose en la informaci\u00f3n disponible en el Sitio Web.<\/p><\/li><\/ol><h3>Propiedad intelectual e industrial<\/h3><p>Todos los contenidos del Sitio Web, incluyendo textos, gr\u00e1ficos, im\u00e1genes, logotipos y cualquier otro material, son propiedad exclusiva de Financor o de sus licenciantes y est\u00e1n protegidos por las leyes de propiedad intelectual e industrial. Cualquier uso no autorizado ser\u00e1 perseguido conforme a la legislaci\u00f3n vigente.<\/p><h3>Jurisdicci\u00f3n<\/h3><p>Cualquier controversia relacionada con el presente Aviso Legal se someter\u00e1 a la jurisdicci\u00f3n de los tribunales ordinarios de C\u00f3rdoba, Argentina.<\/p>\t\t\t\t\t\t\t\t<\/div>\n\t\t\t\t<\/div>\n\t\t\t\t\t<\/div>\n\t\t<\/div>\n\t\t\t\t\t<\/div>\n\t\t<\/section>\n\t\t\t\t<section class=\"elementor-section elementor-top-section elementor-element elementor-element-126937a elementor-section-content-middle elementor-section-boxed elementor-section-height-default elementor-section-height-default\" data-id=\"126937a\" data-element_type=\"section\">\n\t\t\t\t\t\t<div class=\"elementor-container elementor-column-gap-default\">\n\t\t\t\t\t<div class=\"elementor-column elementor-col-100 elementor-top-column elementor-element elementor-element-0c9b72f\" data-id=\"0c9b72f\" data-element_type=\"column\">\n\t\t\t<div class=\"elementor-widget-wrap elementor-element-populated\">\n\t\t\t\t\t\t<div class=\"elementor-element elementor-element-367cd45 elementor-widget elementor-widget-image\" data-id=\"367cd45\" data-element_type=\"widget\" data-widget_type=\"image.default\">\n\t\t\t\t<div class=\"elementor-widget-container\">\n\t\t\t\t\t\t\t\t\t\t\t\t\t\t\t\t<a href=\"https:\/\/financor.com.ar\">\n\t\t\t\t\t\t\t<img decoding=\"async\" width=\"300\" height=\"113\" src=\"https:\/\/financor.com.ar\/wp-content\/uploads\/2023\/10\/logo-financor-e1737654235487-300x113.png\" class=\"attachment-medium size-medium wp-image-370\" alt=\"\" srcset=\"https:\/\/financor.com.ar\/wp-content\/uploads\/2023\/10\/logo-financor-e1737654235487-300x113.png 300w, https:\/\/financor.com.ar\/wp-content\/uploads\/2023\/10\/logo-financor-e1737654235487.png 372w\" sizes=\"(max-width: 300px) 100vw, 300px\" \/>\t\t\t\t\t\t\t\t<\/a>\n\t\t\t\t\t\t\t\t\t\t\t\t\t\t\t<\/div>\n\t\t\t\t<\/div>\n\t\t\t\t\t<\/div>\n\t\t<\/div>\n\t\t\t\t\t<\/div>\n\t\t<\/section>\n\t\t\t\t<\/div>\n\t\t","protected":false},"excerpt":{"rendered":"<p>Bienvenido al sitio web de Financor (en adelante, el &#8220;Sitio Web&#8221;). Este aviso legal regula las condiciones generales de acceso y uso del sitio web accesible en la URL https:\/\/financor.com.ar\/ (en adelante, el &#8220;Sitio Web&#8221;), que Financor pone a disposici\u00f3n de los usuarios de Internet. Titularidad del Sitio Web Correo electr\u00f3nico de contacto: info@financor.com.ar El [&hellip;]<\/p>\n","protected":false},"author":1,"featured_media":0,"parent":0,"menu_order":0,"comment_status":"closed","ping_status":"closed","template":"elementor_canvas","meta":{"footnotes":""},"class_list":["post-537","page","type-page","status-publish","hentry"],"_links":{"self":[{"href":"https:\/\/financor.com.ar\/index.php\/wp-json\/wp\/v2\/pages\/537","targetHints":{"allow":["GET"]}}],"collection":[{"href":"https:\/\/financor.com.ar\/index.php\/wp-json\/wp\/v2\/pages"}],"about":[{"href":"https:\/\/financor.com.ar\/index.php\/wp-json\/wp\/v2\/types\/page"}],"author":[{"embeddable":true,"href":"https:\/\/financor.com.ar\/index.php\/wp-json\/wp\/v2\/users\/1"}],"replies":[{"embeddable":true,"href":"https:\/\/financor.com.ar\/index.php\/wp-json\/wp\/v2\/comments?post=537"}],"version-history":[{"count":7,"href":"https:\/\/financor.com.ar\/index.php\/wp-json\/wp\/v2\/pages\/537\/revisions"}],"predecessor-version":[{"id":581,"href":"https:\/\/financor.com.ar\/index.php\/wp-json\/wp\/v2\/pages\/537\/revisions\/581"}],"wp:attachment":[{"href":"https:\/\/financor.com.ar\/index.php\/wp-json\/wp\/v2\/media?parent=537"}],"curies":[{"name":"wp","href":"https:\/\/api.w.org\/{rel}","templated":true}]}}